at is the ten thousands digit of 45578?
4
What is the hundreds digit of 10518?
5
What is the hundreds digit of 421?
4
What is the thousands digit of 13385?
3
What is the hundreds digit of 1726?
7
What is the ten thousands digit of 22507?
2
What is the units digit of 192?
2
What is the units digit of 800?
0
What is the hundreds digit of 1972?
9
What is the thousands digit of 3175?
3
What is the tens digit of 9436?
3
What is the hundreds digit of 1627?
6
What is the thousands digit of 8948?
8
What is the hundreds digit of 5685?
6
What is the hundreds digit of 1081?
0
What is the ten thousands digit of 86443?
8
What is the units digit of 6475?
5
What is the hundreds digit of 395?
3
What is the thousands digit of 2462?
2
What is the units digit of 20842?
2
What is the thousands digit of 5099?
5
What is the tens digit of 3437?
3
What is the hundreds digit of 2212?
2
What is the hundreds digit of 6571?
5
What is the units digit of 7751?
1
What is the tens digit of 1148?
4
What is the units digit of 7553?
3
What is the tens digit of 92332?
3
What is the thousands digit of 25644?
5
What is the units digit of 234?
4
What is the hundreds digit of 1591?
5
What is the hundreds digit of 4233?
2
What is the thousands digit of 8561?
8
What is the hundreds digit of 6172?
1
What is the hundreds digit of 197?
1
What is the units digit of 1904?
4
What is the units digit of 109329?
9
What is the units digit of 13541?
1
What is the hundreds digit of 868?
8
What is the hundreds digit of 530?
5
What is the ten thousands digit of 69205?
6
What is the hundreds digit of 615?
6
What is the tens digit of 2508?
0
What is the units digit of 901?
1
What is the units digit of 285?
5
What is the hundreds digit of 4460?
4
What is the hundreds digit of 789?
7
What is the thousands digit of 5407?
5
What is the tens digit of 25584?
8
What is the tens digit of 1720?
2
What is the tens digit of 1264?
6
What is the units digit of 26818?
8
What is the thousands digit of 3695?
3
What is the tens digit of 8175?
7
What is the hundreds digit of 812?
8
What is the units digit of 993?
3
What is the tens digit of 701?
0
What is the units digit of 36548?
8
What is the thousands digit of 14301?
4
What is the hundreds digit of 4219?
2
What is the tens digit of 847?
4
What is the tens digit of 19711?
1
What is the tens digit of 11823?
2
What is the thousands digit of 5368?
5
What is the units digit of 1949?
9
What is the tens digit of 7167?
6
What is the tens digit of 6599?
9
What is the tens digit of 17550?
5
What is the thousands digit of 7321?
7
What is the hundreds digit of 14876?
8
What is the units digit of 42795?
5
What is the tens digit of 518?
1
What is the hundreds digit of 9563?
5
What is the units digit of 29221?
1
What is the hundreds digit of 1830?
8
What is the thousands digit of 3263?
3
What is the units digit of 28895?
5
What is the tens digit of 11703?
0
What is the units digit of 11699?
9
What is the thousands digit of 143805?
3
What is the units digit of 1400?
0
What is the tens digit of 37?
3
What is the thousands digit of 50005?
0
What is the thousands digit of 1983?
1
What is the hundreds digit of 1043?
0
What is the hundreds digit of 78699?
6
What is the hundred thousands digit of 150492?
1
What is the hundreds digit of 329?
3
What is the hundreds digit of 218?
2
What is the thousands digit of 3868?
3
What is the tens digit of 7192?
9
What is the units digit of 58453?
3
What is the ten thousands digit of 27296?
2
What is the thousands digit of 33949?
3
What is the thousands digit of 51369?
1
What is the thousands digit of 6982?
6
What is the thousands digit of 1708?
1
What is the tens digit of 2627?
2
What is the tens digit of 9150?
5
What is the units digit of 167?
7
What is the units digit of 80844?
4
What is the tens digit of 2970?
7
What is the thousands digit of 13128?
3
What is the hundreds digit of 30959?
9
What is the thousands digit of 1388?
1
What is the thousands digit of 1586?
1
What is the ten thousands digit of 39453?
3
What is the ten thousands digit of 55775?
5
What is the tens digit of 71878?
7
What is the tens digit of 45134?
3
What is the thousands digit of 1252?
1
What is the units digit of 1810?
0
What is the tens digit of 19113?
1
What is the thousands digit of 6528?
6
What is the units digit of 847?
7
What is the hundreds digit of 8298?
2
What is the units digit of 1427?
7
What is the ten thousands digit of 11992?
1
What is the thousands digit of 30016?
0
What is the thousands digit of 85427?
5
What is the hundreds digit of 4261?
2
What is the tens digit of 1745?
4
What is the tens digit of 2120?
2
What is the thousands digit of 4719?
4
What is the units digit of 1088?
8
What is the tens digit of 27787?
8
What is the thousands digit of 10784?
0
What is the thousands digit of 147536?
7
What is the hundreds digit of 93315?
3
What is the units digit of 827?
7
What is the hundreds digit of 2310?
3
What is the ten thousands digit of 47573?
4
What is the thousands digit of 36253?
6
What is the thousands digit of 33139?
3
What is the hundreds digit of 962?
9
What is the units digit of 3364?
4
What is the thousands digit of 23936?
3
What is the thousands digit of 35957?
5
What is the thousands digit of 2676?
2
What is the tens digit of 30273?
7
What is the units digit of 116070?
0
What is the units digit of 12663?
3
What is the thousands digit of 3295?
3
What is the tens digit of 15140?
4
What is the thousands digit of 1856?
1
What is the thousands digit of 55182?
5
What is the hundreds digit of 40463?
4
What is the units digit of 755?
5
What is the thousands digit of 8979?
8
What is the tens digit of 20372?
7
What is the hundreds digit of 4977?
9
What is the thousands digit of 2820?
2
What is the tens digit of 520?
2
What is the tens digit of 353?
5
What is the tens digit of 130?
3
What is the units digit of 141?
1
What is the tens digit of 2843?
4
What is the units digit of 13547?
7
What is the thousands digit of 59582?
9
What is the thousands digit of 41008?
1
What is the tens digit of 4439?
3
What is the ten thousands digit of 24380?
2
What is the thousands digit of 7699?
7
What is the thousands digit of 9598?
9
What is the ten thousands digit of 57481?
5
What is the thousands digit of 1742?
1
What is the units digit of 21173?
3
What is the units digit of 4067?
7
What is the hundreds digit of 47336?
3
What is the tens digit of 7827?
2
What is the tens digit of 18015?
1
What is the units digit of 5251?
1
What is the hundreds digit of 4152?
1
What is the units digit of 149938?
8
What is the thousands digit of 1740?
1
What is the tens digit of 737?
3
What is the hundreds digit of 796?
7
What is the units digit of 773?
3
What is the thousands digit of 12465?
2
What is the tens digit of 1487?
8
What is the hundreds digit of 44317?
3
What is the tens digit of 1155?
5
What is the tens digit of 2254?
5
What is the ten thousands digit of 19627?
1
What is the thousands digit of 1373?
1
What is the hundreds digit of 6837?
8
What is the hundreds digit of 2938?
9
What is the tens digit of 8254?
5
What is the hundreds digit of 2939?
9
What is the tens digit of 12628?
2
What is the units digit of 9096?
6
What is the tens digit of 2268?
6
What is the hundreds digit of 8646?
6
What is the thousands digit of 2637?
2
What is the tens digit of 3960?
6
What is the tens digit of 2477?
7
What is the tens digit of 17559?
5
What is the tens digit of 1169?
6
What is the units digit of 25063?
3
What is the thousands digit of 39103?
9
What is the units digit of 4279?
9
What is the tens digit of 11627?
2
What is the ten thousands digit of 90626?
9
What is the hundreds digit of 65164?
1
What is the tens digit of 329?
2
What is the thousands digit of 3889?
3
What is the thousands digit of 36283?
6
What is the tens digit of 3274?
7
What is the hundreds digit of 2306?
3
What is the hundreds digit of 4134?
1
What is the hundred thousands digit of 136670?
1
What is the tens digit of 37566?
6
What is the hundreds digit of 467?
4
What is the tens digit of 3792?
9
What is the thousands digit of 23385?
3
What is the tens digit of 42282?
8
What is the thousands digit of 8786?
8
What is the hundreds digit of 39986?
9
What is the tens digit of 71776?
7
What is the units digit of 128195?
5